{"id":549,"date":"2024-02-02T17:05:25","date_gmt":"2024-02-02T17:05:25","guid":{"rendered":"https:\/\/geoar2.pl\/?page_id=549"},"modified":"2024-02-07T11:35:46","modified_gmt":"2024-02-07T11:35:46","slug":"geodezja-inzynieryjna","status":"publish","type":"page","link":"https:\/\/geoar2.pl\/?page_id=549","title":{"rendered":"Geodezja in\u017cynieryjna"},"content":{"rendered":"\n<p>Przeprowadzamy precyzyjne pomiary in\u017cynieryjne z zakresu:<\/p>\n\n\n\n<ul class=\"wp-block-list\">\n<li>pomiar\u00f3w tor\u00f3w suwnicowych oraz innych uk\u0142ad\u00f3w torowych,<\/li>\n\n\n\n<li>pomiar\u00f3w mas ziemnych, wykop\u00f3w,<\/li>\n\n\n\n<li>pomiar\u00f3w napowietrznych linii elektroenergetycznych,<\/li>\n\n\n\n<li>pomiar\u00f3w przemieszcze\u0144 i odkszta\u0142ce\u0144,<\/li>\n\n\n\n<li>pomiar\u00f3w pionowo\u015bci wysmuk\u0142ych budowli wysokich,<\/li>\n\n\n\n<li>pomiar\u00f3w pionowo\u015bci szyb\u00f3w windowych,<\/li>\n\n\n\n<li>bada\u0144 poziomowo\u015bci posadzek,<\/li>\n\n\n\n<li>pomiar\u00f3w kontrolnych elewacji,<br><\/li>\n<\/ul>\n\n\n\n<p>Ju\u017c wkr\u00f3tce: b\u0119dziemy tworzy\u0107 mapy i modele numeryczne teren\u00f3w (Skaning 3D)<\/p>\n\n\n\n<p><strong>Skanowanie 3D<\/strong><br>Ju\u017c wkr\u00f3tce!<br>Modele 3D powoli wkraczaj\u0105 w wiele bran\u017c, nie ograniczamy si\u0119 tylko do geodezji. B\u0119dziemy przeprowadza\u0107 inwentaryzacje lokali, mieszka\u0144 czy dom\u00f3w, inwentaryzacje architektoniczno-budowlane, tworzy\u0107 numeryczne modelu terenu, wykonywa\u0107 precyzyjne pomiary obj\u0119to\u015bci sk\u0142adowisk, ha\u0142d kruszyw, wyrobisk, jak r\u00f3wnie\u017c infrastruktur przemys\u0142owych.<\/p>\n\n\n\n<p><\/p>\n\n\n\n<p><strong>Geodezja kolejowa<\/strong><br>Oferujemy na podstawie swojego bogatego do\u015bwiadczenia, wykonywania us\u0142ug geodezyjnych na terenach zamkni\u0119tych -kolejowych.<\/p>\n\n\n\n<figure class=\"wp-block-gallery has-nested-images columns-default is-cropped wp-block-gallery-1 is-layout-flex wp-block-gallery-is-layout-flex\">\n<figure class=\"wp-block-image size-large\"><img fetchpriority=\"high\" decoding=\"async\" width=\"1024\" height=\"576\" data-id=\"583\" src=\"http:\/\/geoar2.pl\/wp-content\/uploads\/2024\/02\/geodezja_inzynieryjna_v1-1-1-1024x576.png\" alt=\"\" class=\"wp-image-583\" srcset=\"https:\/\/geoar2.pl\/wp-content\/uploads\/2024\/02\/geodezja_inzynieryjna_v1-1-1-1024x576.png 1024w, https:\/\/geoar2.pl\/wp-content\/uploads\/2024\/02\/geodezja_inzynieryjna_v1-1-1-300x169.png 300w, https:\/\/geoar2.pl\/wp-content\/uploads\/2024\/02\/geodezja_inzynieryjna_v1-1-1-768x432.png 768w, https:\/\/geoar2.pl\/wp-content\/uploads\/2024\/02\/geodezja_inzynieryjna_v1-1-1-1536x864.png 1536w, https:\/\/geoar2.pl\/wp-content\/uploads\/2024\/02\/geodezja_inzynieryjna_v1-1-1.png 1920w\" sizes=\"(max-width: 1024px) 100vw, 1024px\" \/><\/figure>\n\n\n\n<figure class=\"wp-block-image size-large\"><img decoding=\"async\" width=\"1024\" height=\"576\" data-id=\"582\" src=\"http:\/\/geoar2.pl\/wp-content\/uploads\/2024\/02\/geodezja_inzynieryjna_v2-1-1024x576.png\" alt=\"\" class=\"wp-image-582\" srcset=\"https:\/\/geoar2.pl\/wp-content\/uploads\/2024\/02\/geodezja_inzynieryjna_v2-1-1024x576.png 1024w, https:\/\/geoar2.pl\/wp-content\/uploads\/2024\/02\/geodezja_inzynieryjna_v2-1-300x169.png 300w, https:\/\/geoar2.pl\/wp-content\/uploads\/2024\/02\/geodezja_inzynieryjna_v2-1-768x432.png 768w, https:\/\/geoar2.pl\/wp-content\/uploads\/2024\/02\/geodezja_inzynieryjna_v2-1-1536x864.png 1536w, https:\/\/geoar2.pl\/wp-content\/uploads\/2024\/02\/geodezja_inzynieryjna_v2-1.png 1920w\" sizes=\"(max-width: 1024px) 100vw, 1024px\" \/><\/figure>\n\n\n\n<figure class=\"wp-block-image size-large\"><img decoding=\"async\" width=\"1024\" height=\"576\" data-id=\"581\" src=\"http:\/\/geoar2.pl\/wp-content\/uploads\/2024\/02\/geodezja_inzynieryjna_v3-1024x576.png\" alt=\"\" class=\"wp-image-581\" srcset=\"https:\/\/geoar2.pl\/wp-content\/uploads\/2024\/02\/geodezja_inzynieryjna_v3-1024x576.png 1024w, https:\/\/geoar2.pl\/wp-content\/uploads\/2024\/02\/geodezja_inzynieryjna_v3-300x169.png 300w, https:\/\/geoar2.pl\/wp-content\/uploads\/2024\/02\/geodezja_inzynieryjna_v3-768x432.png 768w, https:\/\/geoar2.pl\/wp-content\/uploads\/2024\/02\/geodezja_inzynieryjna_v3-1536x864.png 1536w, https:\/\/geoar2.pl\/wp-content\/uploads\/2024\/02\/geodezja_inzynieryjna_v3.png 1920w\" sizes=\"(max-width: 1024px) 100vw, 1024px\" \/><\/figure>\n<\/figure>\n\n\n\n<figure class=\"wp-block-gallery has-nested-images columns-default is-cropped wp-block-gallery-2 is-layout-flex wp-block-gallery-is-layout-flex\">\n<figure class=\"wp-block-image size-large\"><img loading=\"lazy\" decoding=\"async\" width=\"1024\" height=\"576\" data-id=\"593\" src=\"http:\/\/geoar2.pl\/wp-content\/uploads\/2024\/02\/kolej_v1-1024x576.png\" alt=\"\" class=\"wp-image-593\" srcset=\"https:\/\/geoar2.pl\/wp-content\/uploads\/2024\/02\/kolej_v1-1024x576.png 1024w, https:\/\/geoar2.pl\/wp-content\/uploads\/2024\/02\/kolej_v1-300x169.png 300w, https:\/\/geoar2.pl\/wp-content\/uploads\/2024\/02\/kolej_v1-768x432.png 768w, https:\/\/geoar2.pl\/wp-content\/uploads\/2024\/02\/kolej_v1-1536x864.png 1536w, https:\/\/geoar2.pl\/wp-content\/uploads\/2024\/02\/kolej_v1.png 1920w\" sizes=\"(max-width: 1024px) 100vw, 1024px\" \/><\/figure>\n\n\n\n<figure class=\"wp-block-image size-large\"><img loading=\"lazy\" decoding=\"async\" width=\"1024\" height=\"576\" data-id=\"592\" src=\"http:\/\/geoar2.pl\/wp-content\/uploads\/2024\/02\/kolej_v2-1024x576.png\" alt=\"\" class=\"wp-image-592\" srcset=\"https:\/\/geoar2.pl\/wp-content\/uploads\/2024\/02\/kolej_v2-1024x576.png 1024w, https:\/\/geoar2.pl\/wp-content\/uploads\/2024\/02\/kolej_v2-300x169.png 300w, https:\/\/geoar2.pl\/wp-content\/uploads\/2024\/02\/kolej_v2-768x432.png 768w, https:\/\/geoar2.pl\/wp-content\/uploads\/2024\/02\/kolej_v2-1536x864.png 1536w, https:\/\/geoar2.pl\/wp-content\/uploads\/2024\/02\/kolej_v2.png 1920w\" sizes=\"(max-width: 1024px) 100vw, 1024px\" \/><\/figure>\n\n\n\n<figure class=\"wp-block-image size-large\"><img loading=\"lazy\" decoding=\"async\" width=\"1024\" height=\"576\" data-id=\"590\" src=\"http:\/\/geoar2.pl\/wp-content\/uploads\/2024\/02\/kolej_v4-1024x576.png\" alt=\"\" class=\"wp-image-590\" srcset=\"https:\/\/geoar2.pl\/wp-content\/uploads\/2024\/02\/kolej_v4-1024x576.png 1024w, https:\/\/geoar2.pl\/wp-content\/uploads\/2024\/02\/kolej_v4-300x169.png 300w, https:\/\/geoar2.pl\/wp-content\/uploads\/2024\/02\/kolej_v4-768x432.png 768w, https:\/\/geoar2.pl\/wp-content\/uploads\/2024\/02\/kolej_v4-1536x864.png 1536w, https:\/\/geoar2.pl\/wp-content\/uploads\/2024\/02\/kolej_v4.png 1920w\" sizes=\"(max-width: 1024px) 100vw, 1024px\" \/><\/figure>\n<\/figure>\n","protected":false},"excerpt":{"rendered":"<p>Przeprowadzamy precyzyjne pomiary in\u017cynieryjne z zakresu: Ju\u017c wkr\u00f3tce: b\u0119dziemy tworzy\u0107 mapy i modele numeryczne teren\u00f3w (Skaning 3D) Skanowanie 3DJu\u017c wkr\u00f3tce!Modele 3D powoli wkraczaj\u0105 w wiele bran\u017c, nie ograniczamy si\u0119 tylko do geodezji. B\u0119dziemy przeprowadza\u0107 inwentaryzacje lokali, mieszka\u0144 czy dom\u00f3w, inwentaryzacje architektoniczno-budowlane, tworzy\u0107 numeryczne modelu terenu, wykonywa\u0107 precyzyjne pomiary obj\u0119to\u015bci sk\u0142adowisk, ha\u0142d kruszyw, wyrobisk, jak r\u00f3wnie\u017c infrastruktur przemys\u0142owych. Geodezja kolejowaOferujemy na&#8230;<\/p>\n","protected":false},"author":1,"featured_media":0,"parent":0,"menu_order":0,"comment_status":"closed","ping_status":"closed","template":"","meta":{"footnotes":""},"class_list":["post-549","page","type-page","status-publish","hentry"],"_links":{"self":[{"href":"https:\/\/geoar2.pl\/index.php?rest_route=\/wp\/v2\/pages\/549","targetHints":{"allow":["GET"]}}],"collection":[{"href":"https:\/\/geoar2.pl\/index.php?rest_route=\/wp\/v2\/pages"}],"about":[{"href":"https:\/\/geoar2.pl\/index.php?rest_route=\/wp\/v2\/types\/page"}],"author":[{"embeddable":true,"href":"https:\/\/geoar2.pl\/index.php?rest_route=\/wp\/v2\/users\/1"}],"replies":[{"embeddable":true,"href":"https:\/\/geoar2.pl\/index.php?rest_route=%2Fwp%2Fv2%2Fcomments&post=549"}],"version-history":[{"count":4,"href":"https:\/\/geoar2.pl\/index.php?rest_route=\/wp\/v2\/pages\/549\/revisions"}],"predecessor-version":[{"id":594,"href":"https:\/\/geoar2.pl\/index.php?rest_route=\/wp\/v2\/pages\/549\/revisions\/594"}],"wp:attachment":[{"href":"https:\/\/geoar2.pl\/index.php?rest_route=%2Fwp%2Fv2%2Fmedia&parent=549"}],"curies":[{"name":"wp","href":"https:\/\/api.w.org\/{rel}","templated":true}]}}