{"id":547,"date":"2024-02-02T17:02:41","date_gmt":"2024-02-02T17:02:41","guid":{"rendered":"https:\/\/geoar2.pl\/?page_id=547"},"modified":"2024-02-07T11:41:39","modified_gmt":"2024-02-07T11:41:39","slug":"odszukanie-wznowienie-wyznaczenie-nowych-znakow-kamieni-granicznych","status":"publish","type":"page","link":"https:\/\/geoar2.pl\/?page_id=547","title":{"rendered":"Odszukanie, wznowienie, wyznaczenie nowych znak\u00f3w (kamieni) granicznych"},"content":{"rendered":"\n<p>W zale\u017cno\u015bci od specyfiki sprawy oraz dost\u0119pnych dokument\u00f3w archiwalnych, czasami wystarcza us\u0142uga odszukania znak\u00f3w granicznych. Ta pomoc mo\u017ce by\u0107 niezb\u0119dna w sytuacji, gdy w\u0142a\u015bciciel nieruchomo\u015bci lub inwestor ma \u015bwiadomo\u015b\u0107, \u017ce znaki graniczne istniej\u0105, ale sam nie jest w stanie ich zlokalizowa\u0107.<br>Odr\u0119bnym zakresem prac jest wznowienie znak\u00f3w granicznych. To niezb\u0119dne, gdy nast\u0105pi\u0142o ich przemieszczanie, uszkodzenie lub zniszczenie, pod warunkiem, \u017ce istniej\u0105 wiarygodne i odpowiednie dokumenty pozyskane z Pa\u0144stwowego Zasobu Geodezyjnego i Kartograficznego (PZGiK), kt\u00f3re pozwalaj\u0105 nam precyzyjnie okre\u015bli\u0107 ich pierwotne po\u0142o\u017cenie.<\/p>\n\n\n\n<p>Wyznaczenie i stabilizacja nowych punkt\u00f3w granicznych znakami granicznymi, dokonuje si\u0119 na z inicjatywy i na koszt zainteresowanych podmiot\u00f3w. Czynno\u015bci te nie s\u0105 wykonywane w ramach podzia\u0142u nieruchomo\u015bci, tylko dopiero po jego zako\u0144czeniu, jako odr\u0119bn\u0105 prac\u0119 geodezyjn\u0105, zg\u0142aszan\u0105 do PZGiK.<br>Dokonanie wyznaczenia i stabilizacji nowych granic znakami granicznymi przed wydaniem prawomocnej decyzji zatwierdzaj\u0105cej podzia\u0142, jest czynno\u015bci\u0105 niezgodn\u0105 z przepisami prawa.<\/p>\n\n\n\n<figure class=\"wp-block-gallery has-nested-images columns-default is-cropped wp-block-gallery-1 is-layout-flex wp-block-gallery-is-layout-flex\">\n<figure class=\"wp-block-image size-large\"><img fetchpriority=\"high\" decoding=\"async\" width=\"1024\" height=\"576\" data-id=\"600\" src=\"http:\/\/geoar2.pl\/wp-content\/uploads\/2024\/02\/odszukanie_kamieni_v1-1024x576.png\" alt=\"\" class=\"wp-image-600\" srcset=\"https:\/\/geoar2.pl\/wp-content\/uploads\/2024\/02\/odszukanie_kamieni_v1-1024x576.png 1024w, https:\/\/geoar2.pl\/wp-content\/uploads\/2024\/02\/odszukanie_kamieni_v1-300x169.png 300w, https:\/\/geoar2.pl\/wp-content\/uploads\/2024\/02\/odszukanie_kamieni_v1-768x432.png 768w, https:\/\/geoar2.pl\/wp-content\/uploads\/2024\/02\/odszukanie_kamieni_v1-1536x864.png 1536w, https:\/\/geoar2.pl\/wp-content\/uploads\/2024\/02\/odszukanie_kamieni_v1.png 1920w\" sizes=\"(max-width: 1024px) 100vw, 1024px\" \/><\/figure>\n\n\n\n<figure class=\"wp-block-image size-large\"><img decoding=\"async\" width=\"1024\" height=\"576\" data-id=\"599\" src=\"http:\/\/geoar2.pl\/wp-content\/uploads\/2024\/02\/odszukanie_kamieni_v2-1024x576.png\" alt=\"\" class=\"wp-image-599\" srcset=\"https:\/\/geoar2.pl\/wp-content\/uploads\/2024\/02\/odszukanie_kamieni_v2-1024x576.png 1024w, https:\/\/geoar2.pl\/wp-content\/uploads\/2024\/02\/odszukanie_kamieni_v2-300x169.png 300w, https:\/\/geoar2.pl\/wp-content\/uploads\/2024\/02\/odszukanie_kamieni_v2-768x432.png 768w, https:\/\/geoar2.pl\/wp-content\/uploads\/2024\/02\/odszukanie_kamieni_v2-1536x864.png 1536w, https:\/\/geoar2.pl\/wp-content\/uploads\/2024\/02\/odszukanie_kamieni_v2.png 1920w\" sizes=\"(max-width: 1024px) 100vw, 1024px\" \/><\/figure>\n<\/figure>\n","protected":false},"excerpt":{"rendered":"<p>W zale\u017cno\u015bci od specyfiki sprawy oraz dost\u0119pnych dokument\u00f3w archiwalnych, czasami wystarcza us\u0142uga odszukania znak\u00f3w granicznych. Ta pomoc mo\u017ce by\u0107 niezb\u0119dna w sytuacji, gdy w\u0142a\u015bciciel nieruchomo\u015bci lub inwestor ma \u015bwiadomo\u015b\u0107, \u017ce znaki graniczne istniej\u0105, ale sam nie jest w stanie ich zlokalizowa\u0107.Odr\u0119bnym zakresem prac jest wznowienie znak\u00f3w granicznych. To niezb\u0119dne, gdy nast\u0105pi\u0142o ich przemieszczanie, uszkodzenie lub zniszczenie, pod warunkiem, \u017ce istniej\u0105&#8230;<\/p>\n","protected":false},"author":1,"featured_media":0,"parent":0,"menu_order":0,"comment_status":"closed","ping_status":"closed","template":"","meta":{"footnotes":""},"class_list":["post-547","page","type-page","status-publish","hentry"],"_links":{"self":[{"href":"https:\/\/geoar2.pl\/index.php?rest_route=\/wp\/v2\/pages\/547","targetHints":{"allow":["GET"]}}],"collection":[{"href":"https:\/\/geoar2.pl\/index.php?rest_route=\/wp\/v2\/pages"}],"about":[{"href":"https:\/\/geoar2.pl\/index.php?rest_route=\/wp\/v2\/types\/page"}],"author":[{"embeddable":true,"href":"https:\/\/geoar2.pl\/index.php?rest_route=\/wp\/v2\/users\/1"}],"replies":[{"embeddable":true,"href":"https:\/\/geoar2.pl\/index.php?rest_route=%2Fwp%2Fv2%2Fcomments&post=547"}],"version-history":[{"count":3,"href":"https:\/\/geoar2.pl\/index.php?rest_route=\/wp\/v2\/pages\/547\/revisions"}],"predecessor-version":[{"id":601,"href":"https:\/\/geoar2.pl\/index.php?rest_route=\/wp\/v2\/pages\/547\/revisions\/601"}],"wp:attachment":[{"href":"https:\/\/geoar2.pl\/index.php?rest_route=%2Fwp%2Fv2%2Fmedia&parent=547"}],"curies":[{"name":"wp","href":"https:\/\/api.w.org\/{rel}","templated":true}]}}